at is the units digit of h?
7
Let r be ((-3)/((-3)/1))/(-1). What is the tens digit of (-76)/(-4) - (r - 2)?
2
Let r(q) = -2*q**2 - 17*q + 16. Let b(l) = l**2 + 9*l - 8. Let t(g) = -5*b(g) - 3*r(g). Let x = 14 + -22. What is the units digit of t(x)?
8
Let c be 12/(-42) - 75/7. Let z(s) = -s**3 + 5*s**2 + 4*s + 7. Let l be z(6). Let w = l - c. What is the units digit of w?
6
Suppose -3*n + 77 = 5*i, 0 = 3*n + 2*i - i - 97. What is the units digit of n?
4
What is the units digit of 7*4/(-12)*-6?
4
Let a(q) = q**2 + 2*q - 3. Let f be a(2). Suppose -f*m = -4*t + 30, -3 = t + 3*m - 2. Suppose t*i = 3*i + 28. What is the units digit of i?
4
Let p(a) = -a**2 - 14*a - 3. Let r(x) = x - 19. Let o be r(13). What is the units digit of p(o)?
5
What is the units digit of (1 - 0)/((-17)/(-119))?
7
Let t = 3 + 7. What is the units digit of t?
0
Let o = 3 - 1. Let z = -32 + 46. Suppose 0*j = -o*j + z. What is the units digit of j?
7
Let y(b) = -b - 3 - 1 - 3*b + b. What is the tens digit of y(-5)?
1
Let k be (-2)/7 - 8838/(-63). Suppose -4*z + 0*z = -k. What is the units digit of z?
5
Suppose 0 = 5*s - 71 - 99. What is the units digit of s?
4
Suppose 3*g + 10 = -2*x - 3, 0 = -4*x + 5*g + 29. What is the units digit of x?
1
Let n = -7 + 1. Let q = n - -12. What is the units digit of -6*(2/q + -1)?
4
Suppose 2*l + 5*h = -2*l + 20, 5*l - 5*h + 20 = 0. Suppose l = -r - 3 + 1. What is the units digit of (-3)/r*4/3?
2
Let t = -90 - -134. What is the tens digit of t?
4
Let h(i) = 3*i**3 + 13*i**2 + 11*i - 15. Let s(o) = 5*o**3 + 20*o**2 + 16*o - 23. Let y(p) = 8*h(p) - 5*s(p). What is the tens digit of y(5)?
1
Suppose -5*y = -487 + 92. What is the tens digit of y?
7
Suppose -2*d = -0*d + 2*z - 38, 0 = d - 4*z - 29. Let b = 52 - d. Suppose -k = -3*q - q + b, 0 = 3*q - k - 23. What is the units digit of q?
8
Let t = -8 + 26. What is the tens digit of t?
1
Suppose 2*u + 3*m = -0*m + 80, -m - 35 = -u. What is the units digit of u?
7
What is the units digit of 3*(18 + (-3)/(-1))?
3
Suppose -2*f + 32 = 2*t, 0 = 5*f + 8 - 3. Suppose h + t = 56. What is the tens digit of h?
3
Suppose 2*q - 88 = -2*q. Let t = 18 + -7. Let l = q - t. What is the tens digit of l?
1
Suppose -5*c = -10*c. Suppose -4*n + 20 = c, 136 = 4*d + 7*n - 3*n. What is the tens digit of d?
2
Let a(s) = s**2 + 6*s + 5. Suppose 0*k + 3 = -k. Let g be 1/k + 17/(-3). What is the units digit of a(g)?
5
What is the hundreds digit of ((-2)/(2/7))/((-29)/1102)?
2
Let u(r) = -r**3 - 2*r + 9. What is the units digit of u(-4)?
1
Let v = -2 + 2. Suppose v*d + 64 = 4*d. What is the units digit of d?
6
Let i = -28 - -40. Let w = i + 2. What is the units digit of w?
4
Suppose 2*c - 2*a = a + 151, -103 = -c - 4*a. What is the tens digit of c?
8
What is the tens digit of 3/2*(2 - (-544)/12)?
7
Let r(x) be the third derivative of 1/120*x**6 - 1/4*x**4 - 1/12*x**5 + 0 + 2/3*x**3 + 0*x - x**2. What is the units digit of r(6)?
4
Let y(x) be the second derivative of -5*x**3/6 - 7*x**2 - 2*x. What is the units digit of y(-10)?
6
Suppose -10 = 3*s + 14. Let c = s - -18. What is the tens digit of c?
1
Let k = 6 - 2. Let h be (12/(-9))/k*-9. Let d = h - 1. What is the units digit of d?
2
Let n = 5 - 1. Let p be 1*12/(-1 + n). What is the units digit of p/(1/(15/6))?
0
Let a(i) = 6*i**2 + 13*i - 77. What is the hundreds digit of a(6)?
2
Let b(v) = -3*v + 5 - v - 1 - v**3 - 5*v**2. Let f = -21 + 17. What is the units digit of b(f)?
4
Let m(v) = 4*v**2 + 2*v - 3. Let i be (-12)/(-8)*(-1 - 1). What is the units digit of m(i)?
7
Suppose -2*y - 4*q - 20 = 0, -y + 2*q + 2*q = -20. What is the units digit of y + -3 + 8/1?
5
Suppose 0 = 5*x - 20, -2*t + 0*t = -4*x - 4. What is the units digit of t - (-2)/(-3)*-3?
2
Let q = 76 + -52. What is the tens digit of q?
2
Suppose 3*b = 2*w - 59 + 23, b + w = -12. Let y be (b/(-5))/(3/15). Suppose -4*h = -3*h - y. What is the units digit of h?
2
Let q(j) = -j**3 + 7*j**2 + j + 4. Suppose n = 2*o + 13, n + 3*o + 0*o = -2. Let w be q(n). Suppose -3*y = -4*y + w. What is the units digit of y?
1
Suppose 34 = 4*t - 2*t. Suppose 47 = -5*a - 2*r + t, 3*r = 5*a + 55. What is the units digit of a/(-3) + (-4)/6?
2
Let s(x) = x**2 + 4*x + 11. What is the tens digit of s(-9)?
5
Let s be (3/(-2))/(3/(-6)). Suppose s*j = -3 + 39. What is the units digit of j?
2
Let u = 0 - -8. Let h be u/6*3/(-1). What is the units digit of ((-28)/(-8))/((-2)/h)?
7
Let p = -10 - -30. Let g be 1*(1 + (10 - -2)). Suppose 0 = -3*w - 3*h + g + p, -3*w + 29 = -h. What is the tens digit of w?
1
Suppose -c = 3*l + 2*c, 0 = 4*l - 2*c. Suppose 3*y - 105 - 15 = l. What is the tens digit of y?
4
Let j(h) = -h**2 - 7*h + 10. Let p be j(-8). Suppose 0 = 2*m - i - 1, -2*m + 0 = -2*i + p. What is the units digit of (-14)/m*(-3 + 2)?
7
Let g(i) be the first derivative of -i**4/4 + i**3 + i**2/2 + 3*i + 2. What is the units digit of g(3)?
6
Let v(u) = -u**2 - 7*u - 1. Let y be v(-6). What is the units digit of 17/y + (-8)/20?
3
Suppose -5*x = 2*l - 151, 2*l - 5*x - 115 = -14. What is the units digit of l?
3
Let o = 0 - -4. Suppose -3*a = -5*y - 5, -3*a + 7*a - o*y = 4. What is the units digit of (a - (-5 - -3)) + 1?
3
Let a(o) be the third derivative of -o**6/120 + 7*o**5/60 - 7*o**4/24 + 7*o**3/6 - o**2. What is the units digit of a(6)?
1
What is the units digit of (10/7)/((-2)/(-70))?
0
Let m(f) = f**3 - 4*f**2 - 6*f + 7. Let r be m(5). What is the tens digit of (-2)/(-3*r/63)?
2
Suppose 3*o - 126 = 243. What is the units digit of o?
3
Let h be 4*(-4 - (-6)/(-4)). What is the units digit of (16 - 22)*h/3?
4
Let h be (0/(-7 + 3))/(-1). Suppose 2*f = 5*f - 15, g + 3*f - 26 = h. What is the units digit of g?
1
Suppose -4*y - y - 30 = -5*o, -48 = -4*o - 4*y. Let x = 0 + o. What is the units digit of x?
9
Suppose -4*g + 3 = -53. Suppose -t = -4 - g. What is the units digit of t?
8
Let j be -3 - (-4 - (-1 + -2)). Let z be ((-8)/14)/(j/7). Suppose -2*v - 3*q = -20, -4*v = -v - z*q - 56. What is the tens digit of v?
1
Suppose 17*x - 29*x = -1980. What is the units digit of x?
5
Suppose 3*d + 4 - 1 = 0. What is the units digit of 32 + d/(4/(-8))?
4
Let c = -4 + 29. What is the units digit of c?
5
Suppose 0 = -5*n + 7*n - 38. What is the units digit of n?
9
Suppose 22 = f + f. Suppose -17 = -4*i + f. What is the units digit of i?
7
Let s = 41 + -24. What is the units digit of s?
7
Suppose 7*z = 5*z + 2*s + 316, -z - s = -148. What is the hundreds digit of z?
1
Let r be (-8)/(-36) + 106/9. Suppose r = -d + 4*y, 3*d = -y - 3*y + 44. Suppose -5*w - 15 = 0, -2*h + d = -5*w - 11. What is the units digit of h?
2
Let n be (-3)/(-1*3) + -6. Let h = -5 - n. What is the units digit of -6*-1*(h + 1)?
6
Let z be (-7 - -8)/(2/(-6)). Let o(y) = -y**3 + 2*y + 1. What is the units digit of o(z)?
2
Suppose 12 = 4*r - 8. Suppose -3*a = -5*q - 21, -a - r*q - 9 = 2*a. What is the units digit of a?
2
Suppose -3*s + 11 = -4. Let t be (-6)/9 + (-7)/3. Let x = t + s. What is the units digit of x?
2
Suppose g - x + 2 = 0, -g - 8 = -5*g - 4*x. Let l be g + 0 + (7 - 4). Suppose -o = -4*m - 34, l*o - 2*m = o + 38. What is the tens digit of o?
1
Let y = -1 + -22. Let p = y + 38. What is the tens digit of p?
1
Suppose 3*q + 2*n - 24 = -n, -2*q = 3*n - 20. Let j = 2 - q. Let a = 5 + j. What is the units digit of a?
3
Let o = -9 + 11. Suppose 0 = -4*l + 2*l - 3*v + 50, 50 = o*l + 5*v. Let d = 45 - l. What is the units digit of d?
0
Let m be 0/((2 + -3)*1). Let q be (m/(-2))/(1 - -2). Suppose q = -0*r + r - 5. What is the units digit of r?
5
Let w(p) = 10*p**3 - 22*p**2 - 14*p - 22. Let g(b) = -7*b**3 + 15*b**2 + 9*b + 15. Let u(s) = -7*g(s) - 5*w(s). What is the units digit of u(6)?
1
Let i = 1034 + -663. What is the units digit of i?
1
Let x = 54 + -19. What is the tens digit of x?
3
Let w(n) = -n**3 + 3*n + 3. Let p(g) = -g - 2. Let k be p(0). Let x be w(k). Suppose -2*o = 1 - x. What is the units digit of o?
2
Suppose x + 454 = 5*r, 4*r + 3*x = 151 + 216. Suppose -14 = -5*s + r. What is the tens digit of s?
2
Let t(y) = -y + 12. What is the units digit of t(-16)?
8
Suppose -5*i - 8 = 2*f, 0 = -4*i - 3*f - 12 - 0. Suppose 3*r - 58 = -5*n, i*r - 4*r + 54 = 5*n. What is the units digit of n?
4
Suppose -4*o + o = -5*m + 9, 4*o + 12 = 0. Suppose -4*q - i + 27 = 0, -4*q - 4*i - i + 23